vided by 11?
3
What is the remainder when 8403 is divided by 6?
3
Calculate the remainder when 71 is divided by 6.
5
What is the remainder when 524 is divided by 44?
40
What is the remainder when 1625 is divided by 9?
5
Calculate the remainder when 111 is divided by 37.
0
What is the remainder when 1850 is divided by 260?
30
What is the remainder when 823 is divided by 74?
9
Calculate the remainder when 1125 is divided by 87.
81
What is the remainder when 14 is divided by 9?
5
What is the remainder when 4421 is divided by 67?
66
What is the remainder when 5087 is divided by 32?
31
What is the remainder when 137 is divided by 59?
19
What is the remainder when 798 is divided by 418?
380
What is the remainder when 765 is divided by 143?
50
What is the remainder when 166 is divided by 80?
6
What is the remainder when 959 is divided by 13?
10
Calculate the remainder when 562 is divided by 558.
4
What is the remainder when 228 is divided by 53?
16
What is the remainder when 107 is divided by 29?
20
What is the remainder when 546 is divided by 87?
24
Calculate the remainder when 853 is divided by 60.
13
Calculate the remainder when 322 is divided by 12.
10
Calculate the remainder when 1618 is divided by 1609.
9
Calculate the remainder when 363 is divided by 6.
3
Calculate the remainder when 23 is divided by 8.
7
What is the remainder when 321 is divided by 41?
34
What is the remainder when 15 is divided by 8?
7
What is the remainder when 179 is divided by 17?
9
Calculate the remainder when 15262 is divided by 96.
94
What is the remainder when 631 is divided by 32?
23
What is the remainder when 5834 is divided by 1939?
17
Calculate the remainder when 786 is divided by 31.
11
What is the remainder when 2973 is divided by 4?
1
What is the remainder when 835 is divided by 272?
19
What is the remainder when 3856 is divided by 17?
14
Calculate the remainder when 1233 is divided by 15.
3
Calculate the remainder when 30 is divided by 19.
11
What is the remainder when 199 is divided by 32?
7
Calculate the remainder when 146 is divided by 19.
13
What is the remainder when 275 is divided by 140?
135
Calculate the remainder when 136 is divided by 42.
10
Calculate the remainder when 1661 is divided by 48.
29
Calculate the remainder when 236 is divided by 42.
26
What is the remainder when 293 is divided by 37?
34
What is the remainder when 7954 is divided by 185?
184
What is the remainder when 195 is divided by 3?
0
What is the remainder when 49 is divided by 28?
21
What is the remainder when 663 is divided by 287?
89
What is the remainder when 5961 is divided by 14?
11
Calculate the remainder when 202 is divided by 18.
4
What is the remainder when 1886 is divided by 626?
8
Calculate the remainder when 51 is divided by 6.
3
What is the remainder when 84 is divided by 25?
9
Calculate the remainder when 2621 is divided by 327.
5
What is the remainder when 129 is divided by 120?
9
What is the remainder when 5039 is divided by 18?
17
Calculate the remainder when 117 is divided by 48.
21
What is the remainder when 2888 is divided by 85?
83
What is the remainder when 4846 is divided by 131?
130
What is the remainder when 554 is divided by 75?
29
What is the remainder when 528 is divided by 43?
12
What is the remainder when 538 is divided by 77?
76
Calculate the remainder when 200 is divided by 29.
26
What is the remainder when 210 is divided by 78?
54
Calculate the remainder when 1373 is divided by 28.
1
Calculate the remainder when 187 is divided by 35.
12
What is the remainder when 93 is divided by 11?
5
Calculate the remainder when 69 is divided by 3.
0
Calculate the remainder when 511 is divided by 44.
27
Calculate the remainder when 1372 is divided by 454.
10
What is the remainder when 192 is divided by 97?
95
Calculate the remainder when 184 is divided by 17.
14
Calculate the remainder when 926 is divided by 15.
11
What is the remainder when 238 is divided by 70?
28
Calculate the remainder when 1713 is divided by 59.
2
Calculate the remainder when 150 is divided by 149.
1
What is the remainder when 210 is divided by 106?
104
Calculate the remainder when 581 is divided by 120.
101
What is the remainder when 9018 is divided by 97?
94
What is the remainder when 258 is divided by 26?
24
Calculate the remainder when 382 is divided by 9.
4
Calculate the remainder when 577 is divided by 279.
19
Calculate the remainder when 3318 is divided by 40.
38
What is the remainder when 808 is divided by 5?
3
Calculate the remainder when 159 is divided by 48.
15
Calculate the remainder when 207 is divided by 55.
42
What is the remainder when 578 is divided by 58?
56
Calculate the remainder when 799 is divided by 20.
19
Calculate the remainder when 665 is divided by 127.
30
What is the remainder when 52 is divided by 30?
22
What is the remainder when 636 is divided by 165?
141
What is the remainder when 64 is divided by 15?
4
What is the remainder when 220 is divided by 32?
28
Calculate the remainder when 94 is divided by 33.
28
Calculate the remainder when 724 is divided by 6.
4
What is the remainder when 50 is divided by 2?
0
Calculate the remainder when 546 is divided by 94.
76
Calculate the remainder when 1121 is divided by 285.
266
What is the remainder when 472 is divided by 287?
185
Calculate the remainder when 77 is divided by 56.
21
Calculate the remainder when 252 is divided by 23.
22
What is the remainder when 109 is divided by 16?
13
Calculate the remainder when 11150 is divided by 8.
6
What is the remainder when 277 is divided by 59?
41
What is the remainder when 429 is divided by 48?
45
What is the remainder when 151 is divided by 47?
10
What is the remainder when 1335 is divided by 30?
15
Calculate the remainder when 155 is divided by 32.
27
Calculate the remainder when 808 is divided by 207.
187
Calculate the remainder when 2866 is divided by 613.
414
What is the remainder when 2702 is divided by 104?
102
What is the remainder when 135 is divided by 71?
64
What is the remainder when 917 is divided by 10?
7
What is the remainder when 4030 is divided by 24?
22
Calculate the remainder when 297 is divided by 42.
3
What is the remainder when 9285 is divided by 108?
105
Calculate the remainder when 486 is divided by 10.
6
What is the remainder when 131 is divided by 123?
8
Calculate the remainder when 57 is divided by 44.
13
Calculate the remainder when 84 is divided by 34.
16
Calculate the remainder when 216 is divided by 22.
18
Calculate the remainder when 164 is divided by 44.
32
What is the remainder when 852 is divided by 122?
120
What is the remainder when 467 is divided by 14?
5
What is the remainder when 728 is divided by 58?
32
What is the remainder when 910 is divided by 184?
174
What is the remainder when 6465 is divided by 28?
25
What is the remainder when 135 is divided by 127?
8
Calculate the remainder when 1331 is divided by 46.
43
Calculate the remainder when 1010 is divided by 22.
20
Calculate the remainder when 424 is divided by 335.
89
Calculate the remainder when 187 is divided by 63.
61
Calculate the remainder when 407 is divided by 204.
203
What is the remainder when 4422 is divided by 143?
132
Calculate the remainder when 30 is divided by 25.
5
What is the remainder when 88 is divided by 10?
8
Calculate the remainder when 505 is divided by 131.
112
What is the remainder when 184 is divided by 31?
29
What is the remainder when 205 is divided by 67?
4
What is the remainder when 138 is divided by 18?
12
Calculate the remainder when 7 is divided by 3.
1
Calculate the remainder when 961 is divided by 50.
11
Calculate the remainder when 7388 is divided by 112.
108
What is the remainder when 2995 is divided by 20?
15
What is the remainder when 18 is divided by 3?
0
Calculate the remainder when 593 is divided by 47.
29
Calculate the remainder when 2521 is divided by 87.
85
Calculate the remainder when 628 is divided by 63.
61
What is the remainder when 1304 is divided by 44?
28
Calculate the remainder when 1649 is divided by 329.
4
What is the remainder when 12626 is divided by 77?
75
Calculate the remainder when 1125 is divided by 24.
21
What is the remainder when 1260 is divided by 8?
4
Calculate the remainder when 113 is divided by 39.
35
Calculate th